{"id":64,"date":"2021-05-11T13:59:57","date_gmt":"2021-05-11T16:59:57","guid":{"rendered":"https:\/\/www.cafedouradense.com.br\/?post_type=product&#038;p=64"},"modified":"2023-08-31T17:39:55","modified_gmt":"2023-08-31T20:39:55","slug":"cafe-torrado-e-moido-500gr","status":"publish","type":"product","link":"https:\/\/www.cafedouradense.com.br\/?product=cafe-torrado-e-moido-500gr","title":{"rendered":"Caf\u00e9 Torrado e Moido 500gr."},"content":{"rendered":"","protected":false},"excerpt":{"rendered":"<p>Caf\u00e9 Douradense Torrado e Mo\u00eddo 500g org\u00e2nico.<\/p>\n","protected":false},"featured_media":92,"template":"","meta":[],"product_brand":[],"product_cat":[16],"product_tag":[],"class_list":{"0":"post-64","1":"product","2":"type-product","3":"status-publish","4":"has-post-thumbnail","6":"product_cat-cafe-douradense","8":"first","9":"outofstock","10":"shipping-taxable","11":"purchasable","12":"product-type-simple"},"_links":{"self":[{"href":"https:\/\/www.cafedouradense.com.br\/index.php?rest_route=\/wp\/v2\/product\/64","targetHints":{"allow":["GET"]}}],"collection":[{"href":"https:\/\/www.cafedouradense.com.br\/index.php?rest_route=\/wp\/v2\/product"}],"about":[{"href":"https:\/\/www.cafedouradense.com.br\/index.php?rest_route=\/wp\/v2\/types\/product"}],"wp:featuredmedia":[{"embeddable":true,"href":"https:\/\/www.cafedouradense.com.br\/index.php?rest_route=\/wp\/v2\/media\/92"}],"wp:attachment":[{"href":"https:\/\/www.cafedouradense.com.br\/index.php?rest_route=%2Fwp%2Fv2%2Fmedia&parent=64"}],"wp:term":[{"taxonomy":"product_brand","embeddable":true,"href":"https:\/\/www.cafedouradense.com.br\/index.php?rest_route=%2Fwp%2Fv2%2Fproduct_brand&post=64"},{"taxonomy":"product_cat","embeddable":true,"href":"https:\/\/www.cafedouradense.com.br\/index.php?rest_route=%2Fwp%2Fv2%2Fproduct_cat&post=64"},{"taxonomy":"product_tag","embeddable":true,"href":"https:\/\/www.cafedouradense.com.br\/index.php?rest_route=%2Fwp%2Fv2%2Fproduct_tag&post=64"}],"curies":[{"name":"wp","href":"https:\/\/api.w.org\/{rel}","templated":true}]}}